s be (-5)/2*(-4 + 0). Let z = -7 + s. Suppose z*x + 2 = -4. Let c(n) = 2*n - 1. Determine c(x).
-5
Let y(g) = 4 + g + 3 - 6. Let i be (2/6)/((-4)/(-48)). Let l be (-1)/(-2)*40/i. Calculate y(l).
6
Let i(m) = -m**2 - 6*m + 3. Suppose j - 3*j + 4 = 0, -4*j + 10 = -2*h. Let r be h + 0 + -7 + 2. Calculate i(r).
3
Let h be (-4)/(-14) + (-90)/21. Let f(n) be the first derivative of -3*n**2/2 + 3*n + 25. Give f(h).
15
Let y be (-2)/3*93/(-31). Let a(t) = t**2 + 3*t - 3. Give a(y).
7
Let n(j) = -j - 12. Let d be n(-11). Let w(b) = 5*b**2 + 1. Calculate w(d).
6
Let g(v) = 16*v**2 + 15*v - 31. Let h(b) be the second derivative of -b**4/4 - b**3/2 + 3*b**2 - 5*b. Let t(m) = -2*g(m) - 11*h(m). What is t(-5)?
6
Let d(i) be the third derivative of -1/30*i**5 + 0*i - i**2 + 1/4*i**4 + 0 - 1/6*i**3. Calculate d(4).
-9
Let k(r) be the third derivative of -r**4/8 + r**3 + 7*r**2. Give k(6).
-12
Let n(z) be the third derivative of z**8/6720 + z**7/420 + 7*z**6/720 + z**5/60 - z**4/6 + 6*z**2. Let x(d) be the second derivative of n(d). Determine x(-5).
-8
Let q be (-1 - -2) + -3 + (1 - 4). Let c(p) = p**3 + 6*p**2 + 7*p + 1. Determine c(q).
-9
Let a(j) = j**3 + 2*j**2 - 4*j - 3. Let u be a(-3). Let q(v) = -1 + 5*v + u - 4*v. Give q(-3).
-4
Let i(w) = -10*w**3 + 3 + 11*w**3 + 22*w**2 - 18*w**2. Calculate i(-4).
3
Let a(m) = -6*m**2 - 4*m + 2. Let o(v) = 7*v**2 + 4*v - 2. Let j(t) = -6*a(t) - 5*o(t). Let p be (-2)/5 + (-115)/25. Determine j(p).
3
Let r(u) = u**2 - 2*u - 1. Let i(z) = 2*z**2 - 9*z + 3. Let m be i(4). Determine r(m).
2
Suppose -w + 3 + 0 = 0. Let o(x) = -x**3 + 2*x**2 - x - 1. Give o(w).
-13
Suppose -5*n = -3 + 13. Let j(y) = 2*y + 2*y**3 - 7 + 6 - y**2 - y**3. Calculate j(n).
-17
Let y(l) = -l**2 + 3*l + 2. Suppose -16 = -4*n, -3*n + 12 = 2*t + 3*t. Let m be 2 + (-1 - t) - 3. Let z = m + 5. What is y(z)?
2
Let b(v) = -v**3 - 3*v**2 + v - 4. Let z be b(-4). Let d(s) = -16*s + 12 - z*s + 25*s. Determine d(-7).
5
Let p be (1/3)/((-3)/(-18)). Let x(b) = 0*b**p + 2*b**2 - 3*b**2 - b. Determine x(-1).
0
Let b(y) = y**3 - 5*y**2 + 4*y - 2. Let m(u) = u + 5. Let l = 3 - 8. Let x be m(l). Suppose x = t + t + 5*j + 4, t = 3*j + 9. What is b(t)?
-8
Let k(u) = -u**3 + 5*u**2 + 4*u - 8. Let v(c) = c**3 - 5*c**2 - 3*c + 7. Let b = 14 - 8. Let l(d) = b*v(d) + 5*k(d). Let y(f) = f - 2. Let m be y(6). Give l(m).
-6
Let z(a) = -a**3 - 7*a**2 - 6*a + 3. Let v be 0/(-1) + (0 - 6). What is z(v)?
3
Let u(m) = -m. Let x(c) = 5*c - 3. Suppose -3*l + 0*l = 18. Let o(f) = l*u(f) - x(f). Let r = -10 + 6. Give o(r).
-1
Suppose 0 = -5*v - 5*i + 20, -3*v + 18 - 2 = 5*i. Suppose v = -a + 4. Let g(c) = c**3 - 3*c**2 + 3*c. Calculate g(a).
2
Suppose 3*x + 5*m = 3, 4*m + 0 = 3*x - 30. Let g(y) = y. What is g(x)?
6
Let s(x) = -x + 2. Let f(v) = -3*v + 7. Let d(c) = 3*f(c) - 8*s(c). Give d(4).
1
Let x = -8 + 12. Suppose 1 = u - 2*c - 1, 0 = -5*u - x*c - 4. Suppose 3*k + 3 + 3 = u. Let o(b) = b + 1. Calculate o(k).
-1
Let b(w) = 4*w**2 + 2*w + 1. Let s(m) be the first derivative of -m + 1/2*m**2 - 4. Let q be s(0). What is b(q)?
3
Let s(p) = -3*p - 6. Let i(l) = -4*l - 5. Let m(r) = 4*i(r) - 5*s(r). Calculate m(5).
5
Let o be (-105)/(-20) + (-1)/4. Let l(v) = 12*v - o + 6 - 2. Calculate l(1).
11
Let r(d) = 2*d + 5. Suppose -2*m - 4 = 8. Calculate r(m).
-7
Suppose 4 = -0*a + a. Suppose -6*l + 2 = -a*l. Let g(c) = -6*c - l - 2 + 4. What is g(1)?
-5
Let o(l) = 1. Let h(q) = -2*q - 2. Let d(b) = -h(b) + 2*o(b). What is d(6)?
16
Let h = -2 - -4. Let a(l) = l**3 + 3*l**2 - 5*l - 2. Let f be a(-4). Let c(j) = -2*j**h - 3 + 0 + j**f + 2*j. What is c(2)?
-3
Let z = -60 + 68. Let t(r) = r**3 - 8*r**2 + 6. What is t(z)?
6
Suppose -38 = -3*h - 14. Let u be (-7 - -6)/((-1)/h). Let a(n) = -u - n - 2*n + 2*n + 7. Determine a(-4).
3
Let s(d) = 7*d + 8. Suppose 0 = 2*f - 0 - 10. Let q(p) = 7*p + 7. Let u(y) = f*s(y) - 6*q(y). What is u(-2)?
12
Let t(x) be the first derivative of x**5/60 + x**4/4 + x**3/2 + 2*x**2 - 1. Let z(q) be the second derivative of t(q). Determine z(-5).
-2
Let o(t) = -10*t**2 - 2*t - 1. Suppose -r = -0*r + 3*f + 4, -4*f - 1 = -3*r. Calculate o(r).
-9
Let y(q) = -2*q - 6. Let a(v) = -3*v - 6. Suppose -2*m + 7*m = 20. Let l(c) = m*a(c) - 5*y(c). Let j be (-2)/7 + 60/14. What is l(j)?
-2
Let u(q) = -5*q**2 + 4*q + 0*q - 6 + 8*q**3 - 9*q**3. Calculate u(-6).
6
Suppose 3*r - r - 10 = 0. Let m(p) = p**3 - 5*p**2 + p - 2. Determine m(r).
3
Suppose -y + 2*y - 4 = 0. Let h(x) = -4*x**2 - 12*x - 3. Let q(t) = -t**2 - 2*t. Let d(u) = h(u) - 5*q(u). Determine d(y).
5
Let y(g) be the second derivative of g**4/12 - 4*g**3/3 + 3*g**2/2 + 116*g. Let q = 4 + -7. Let a = q - -8. What is y(a)?
-12
Let c(h) = h**3 + 2*h**2 + 2*h + 4. Let m(s) = -3*s**3 - 7*s**2 - 7*s - 11. Let n(g) = 8*c(g) + 3*m(g). What is n(-4)?
3
Let z(k) = 2*k + 6. Let b(c) = 2*c + 6. Let o(i) = 3*b(i) - 2*z(i). Let f be 4/6*60/(-8). Determine o(f).
-4
Let x = 45 - 37. Let m(y) = -3*y + 8. Determine m(x).
-16
Let k be (1/3)/(1/9). Let g(a) = a**2 + a**k + 6*a - 1 + 6*a**2 + 5. Determine g(-6).
4
Let n(q) = -1 - 2*q + 6*q + 4. Determine n(-3).
-9
Let a(r) be the first derivative of -r + 2/3*r**3 + 1 + 2*r**4 + 0*r**2. What is a(1)?
9
Let f(o) = -677*o**2 + 10*o**3 - 1 + 677*o**2. What is f(-1)?
-11
Let t = -4 + 6. Let f be 2 + t + -2 - 0. Let k(x) = 7*x**2 - 7*x - 4. Let b(l) = -l**2 + l + 1. Let o(h) = 6*b(h) + k(h). Determine o(f).
4
Let h(v) = -9*v**3 + 7*v**2 + 1 - 5*v**3 - 9*v**2. Determine h(-1).
13
Let u(n) be the third derivative of n**5/30 + n**4/8 - 5*n**3/6 + 2*n**2. Let k(p) = -4*p**2 - 7*p + 11. Let c(q) = 4*k(q) + 9*u(q). Determine c(-2).
9
Suppose -5*m = -3*z - 4, 0 = 2*m + 3*z - 15 + 5. Let g(d) = -3*d**2 - 2*d**m + 4*d**2 - 6*d - 1. Let k = -3 - 0. Calculate g(k).
8
Let t(p) = p**2 - 25*p + 4. Let z be t(25). Let r(m) = -m**2 + 2*m. Give r(z).
-8
Let n(h) = -h**2 + 10*h - 10. Let y be n(6). Let a = -15 + y. Let g(v) = 8*v. Give g(a).
-8
Let p = 24 - 16. Let h(g) = p + 2 - 2*g - 1 - 6. What is h(4)?
-5
Let i = 7 - 4. Suppose 2*o = -4*g - 4, 3*g + g = 2*o - 4. Let v(p) = 1 + o*p + p - 7 + 2. Determine v(i).
-1
Let h(d) = 1 + d - d + 8*d**2. Suppose -4*k + 26 = m + k, -k + 2 = -3*m. Determine h(m).
9
Let r(b) be the second derivative of -b**5/20 - b**4/12 - b**3/6 - b**2 + 12*b. Suppose 0*f = 5*f - 10. Suppose 0 = -2*m - 2 - 4, f*y + m = -7. Determine r(y).
4
Let g be (3/((-3)/8))/(-2). Let m(w) = 2*w**2 - 2*w. Let n(r) = 5*r**2 - 6*r + 1. Let a(i) = 7*m(i) - 3*n(i). Determine a(g).
-3
Suppose -2*y + 6 = -0*y. Let q be 4/(-2 + y + -2). Let f(t) = -3*t + 5*t - 2 - 4*t - 1. Determine f(q).
5
Let o(i) = -1 + 5*i**2 + 11*i**2 - 4 - 15*i**2 + 6*i. Give o(-7).
2
Let b(s) = -4 - s + 2*s + s. Calculate b(6).
8
Let s(i) = i**3 - 3*i**2 + i. Let g be (-18)/153 + 72/34. Calculate s(g).
-2
Let d(g) = 0*g + 3*g + 3 + 0 - 1. Calculate d(-4).
-10
Let z be (-1)/12*-15*4. Let x(b) = 6 - 2*b - b + b. Calculate x(z).
-4
Let i(m) be the second derivative of -5*m**3/6 - 22*m. Determine i(2).
-10
Suppose 10 = -v - v. Let m(i) = 14*i - 17. Let r(g) = 9*g - 11. Let q(u) = v*m(u) + 8*r(u). Let b = -2 + 5. Give q(b).
3
Let i(x) = -x**2 + 14*x - 7. Let k be i(13). Let u be -3*1 - (-10 + k). Let y(b) = -7*b - b + 4*b. Determine y(u).
-4
Let b = 6 - 9. Let m be (0/(-1))/(4 + b). Suppose -2*q + m + 4 = 0. Let w(p) = p**3 - 3*p**2 + 1. Calculate w(q).
-3
Let k(n) be the first derivative of 5/2*n**2 - 4*n - 1/3*n**3 - 1. What is k(5)?
-4
Let t(q) = -q. Let s(f) = -9*f + 1. Let g(c) = -s(c) + 4*t(c). Let y be g(-1). Let w(j) = -j - 3. Calculate w(y).
3
Let b(c) = c**2 - 2*c + 1. Let g(l) = -4*l**2 + 5*l - 4. Let a(y) = -7*b(y) - 2*g(y). Suppose -2*q = -3*u + 19, 0 = -5*q - 0*q + 2*u - 31. What is a(q)?
6
Suppose 0 = -3*s + 7*s + 16. Let n(m) = -m + 2. Calculate n(s).
6
Let f(a) = a**3 + 3*a**2 - 4*a + 3. Let z be f(-4). Suppose z*n + 8 = -n. Let x(u) = -6*u - 2. Determine x(n).
10
Let m = 9 + -2. Let r = 4 - m. Let v(g) = -2*g - 2. Determine v(r).
4
Let j(y) = 2 + 25*y**2 - 21*y**2 + y**3 + 3*y - 2*y. Calculate j(-4).
-2
Let c = 68 - 70. Let r(t) be the first derivative of t**4/4 - t**3/3 + t**2/2 - 2. Determine r(c).
-14
Let c = 5 - 3. Let v(k) = -k + 2*k**2 - 2*k**2 - k**2 + 2*k**c. Calculate v(0).
0
Let r(j) be the first derivative of -j*